of 78262.
2, 109, 359
List the prime factors of 134359.
134359
What are the prime factors of 429410?
2, 5, 23, 1867
What are the prime factors of 7024867?
23, 43, 7103
What are the prime factors of 3651050?
2, 5, 13, 41, 137
What are the prime factors of 44389?
44389
List the prime factors of 31763962.
2, 1607, 9883
List the prime factors of 207447.
3, 69149
List the prime factors of 18198048.
2, 3, 11, 19, 907
What are the prime factors of 649079?
649079
List the prime factors of 20678.
2, 7, 211
What are the prime factors of 210758?
2, 105379
What are the prime factors of 134766?
2, 3, 7487
What are the prime factors of 1368688?
2, 131, 653
List the prime factors of 1235800.
2, 5, 37, 167
What are the prime factors of 1100245?
5, 197, 1117
What are the prime factors of 145768?
2, 7, 19, 137
What are the prime factors of 11011559?
13, 847043
What are the prime factors of 556782?
2, 3, 71, 1307
What are the prime factors of 673549?
673549
What are the prime factors of 534780?
2, 3, 5, 2971
What are the prime factors of 12966720?
2, 3, 5, 13, 1039
List the prime factors of 6427827.
3, 7, 257, 397
What are the prime factors of 176209?
11, 83, 193
What are the prime factors of 701?
701
What are the prime factors of 308694?
2, 3, 51449
List the prime factors of 22253750.
2, 5, 19, 937
List the prime factors of 893870.
2, 5, 89387
What are the prime factors of 143724?
2, 3, 7, 29, 59
List the prime factors of 10072027.
7, 313, 4597
List the prime factors of 4285.
5, 857
What are the prime factors of 859675?
5, 137, 251
What are the prime factors of 6131576?
2, 11, 69677
List the prime factors of 37841.
79, 479
List the prime factors of 828019.
17, 53, 919
List the prime factors of 15261626.
2, 7630813
What are the prime factors of 160416?
2, 3, 557
What are the prime factors of 5407343?
17, 19, 16741
What are the prime factors of 20795359?
13, 43, 37201
List the prime factors of 408760.
2, 5, 11, 929
What are the prime factors of 147037?
11, 13367
What are the prime factors of 11175011?
277, 40343
What are the prime factors of 255485?
5, 37, 1381
List the prime factors of 34650002.
2, 31, 41, 43, 317
List the prime factors of 984379.
11, 109, 821
List the prime factors of 161338.
2, 80669
List the prime factors of 5811908.
2, 1452977
What are the prime factors of 191250?
2, 3, 5, 17
What are the prime factors of 2739581?
13, 83, 2539
List the prime factors of 65784.
2, 3, 2741
What are the prime factors of 34467?
3, 11489
List the prime factors of 328886.
2, 164443
List the prime factors of 748886.
2, 374443
List the prime factors of 923670.
2, 3, 5, 11, 311
List the prime factors of 66029.
66029
What are the prime factors of 209914?
2, 103, 1019
List the prime factors of 2452273.
19, 6793
List the prime factors of 279676.
2, 29, 2411
What are the prime factors of 6970496?
2, 13, 59, 71
List the prime factors of 350495.
5, 70099
List the prime factors of 6249024.
2, 3, 19, 571
List the prime factors of 448171.
17, 41, 643
List the prime factors of 9031495.
5, 11, 164209
What are the prime factors of 3029421?
3, 1009807
What are the prime factors of 983419?
29, 33911
List the prime factors of 5401974.
2, 3, 900329
List the prime factors of 648679.
19, 34141
List the prime factors of 5866236.
2, 3, 29, 1873
What are the prime factors of 455670?
2, 3, 5, 61, 83
What are the prime factors of 436951?
17, 25703
List the prime factors of 393694.
2, 7, 61, 461
List the prime factors of 13660394.
2, 11, 353, 1759
List the prime factors of 6101993.
6101993
List the prime factors of 15311728.
2, 353, 2711
List the prime factors of 744753.
3, 17, 859
List the prime factors of 3903942.
2, 3, 7, 92951
List the prime factors of 2206370.
2, 5, 61, 3617
List the prime factors of 3658762.
2, 47, 38923
List the prime factors of 170162.
2, 85081
What are the prime factors of 5527902?
2, 3, 67, 13751
What are the prime factors of 434590?
2, 5, 13, 3343
List the prime factors of 195293.
7, 23, 1213
What are the prime factors of 217144?
2, 27143
List the prime factors of 7732142.
2, 11, 89, 359
What are the prime factors of 4211618?
2, 2105809
List the prime factors of 32300496.
2, 3, 224309
What are the prime factors of 148899?
3, 49633
List the prime factors of 1925775.
3, 5, 317
List the prime factors of 6055779.
3, 2018593
What are the prime factors of 193117?
113, 1709
What are the prime factors of 3488625?
3, 5, 7, 443
List the prime factors of 4942473.
3, 47, 35053
List the prime factors of 683135.
5, 317, 431
List the prime factors of 780405.
3, 5, 52027
What are the prime factors of 9716050?
2, 5, 317, 613
What are the prime factors of 5385461?
37, 59, 2467
What are the prime factors of 7123121?
73, 97577
What are the prime factors of 48684?
2, 3, 4057
List the prime factors of 1025505.
3, 5, 13, 1753
List the prime factors of 1800719.
1800719
What are the prime factors of 564955?
5, 103, 1097
List the prime factors of 371282.
2, 185641
List the prime factors of 867314.
2, 7, 41, 1511
What are the prime factors of 2637487?
673, 3919
What are the prime factors of 487221?
3, 7, 23201
List the prime factors of 266380.
2, 5, 19, 701
What are the prime factors of 138765?
3, 5, 11, 29
List the prime factors of 14070380.
2, 5, 41, 17159
What are the prime factors of 28088022?
2, 3, 4681337
List the prime factors of 375480.
2, 3, 5, 7, 149
List the prime factors of 15405561.
3, 19, 23, 3917
What are the prime factors of 12977379?
3, 1441931
What are the prime factors of 891855?
3, 5, 19819
List the prime factors of 9211709.
13, 708593
List the prime factors of 1556835.
3, 5, 7, 14827
What are the prime factors of 25870?
2, 5, 13, 199
List the prime factors of 360984.
2, 3, 13, 89
List the prime factors of 2668904.
2, 7, 47659
List the prime factors of 1670462.
2, 523, 1597
What are the prime factors of 340973?
349, 977
List the prime factors of 23946256.
2, 1496641
What are the prime factors of 95481?
3, 103
What are the prime factors of 231473?
11, 1913
List the prime factors of 543961.
11, 49451
What are the prime factors of 3324852?
2, 3, 92357
List the prime factors of 39536938.
2, 7, 2824067
What are the prime factors of 5583120?
2, 3, 5, 43, 541
List the prime factors of 75951.
3, 29, 97
What are the prime factors of 492934?
2, 13, 18959
List the prime factors of 2248198.
2, 47, 23917
List the prime factors of 1669174.
2, 13, 43, 1493
What are the prime factors of 3942530?
2, 5, 109, 3617
List the prime factors of 704882.
2, 352441
List the prime factors of 43847180.
2, 5, 13, 168643
List the prime factors of 6387309.
3, 181, 1307
What are the prime factors of 1225020?
2, 3, 5, 17, 1201
List the prime factors of 2765541.
3, 31, 131, 227
List the prime factors of 1335247.
29, 41, 1123
What are the prime factors of 108717?
3, 7, 31, 167
List the prime factors of 620882.
2, 19, 16339
What are the prime factors of 290578?
2, 145289
What are the prime factors of 804007?
804007
What are the prime factors of 2367218?
2, 7, 353, 479
What are the prime factors of 170445?
3, 5, 11, 1033
List the prime factors of 235292.
2, 59, 997
What are the prime factors of 14761?
29, 509
List the prime factors of 161802.
2, 3, 89, 101
What are the prime factors of 156626?
2, 71, 1103
List the prime factors of 109897.
109897
List the prime factors of 7865264.
2, 11, 23, 29, 67
List the prime factors of 3930165.
3, 5, 87337
List the prime factors of 10082311.
10082311
List the prime factors of 248776.
2, 11, 257
List the prime factors of 696513.
3, 232171
What are the prime factors of 1386571?
17, 81563
List the prime factors of 265189.
509, 521
What are the prime factors of 26141607?
3, 2904623
What are the prime factors of 6629012?
2, 13, 127481
What are the prime factors of 755801?
19, 39779
List the prime factors of 1925532.
2, 3, 7, 283
What are the prime factors of 68371?
68371
What are the prime factors of 132446?
2, 47, 1409
List the prime factors of 735942.
2, 3, 173, 709
What are the prime factors of 7115104?
2, 222347
What are the prime factors of 526828?
2, 131707
List the prime factors of 770104.
2, 96263
What are the prime factors of 7628867?
7628867
List the prime factors of 1338368.
2, 1307
List the prime factors of 1663408.
2, 103963
List the prime factors of 3607101